{"id":255,"date":"2020-04-02T18:15:30","date_gmt":"2020-04-02T16:15:30","guid":{"rendered":"https:\/\/guerilla-asso.com\/fest\/?page_id=255"},"modified":"2020-04-21T19:14:11","modified_gmt":"2020-04-21T17:14:11","slug":"schedule","status":"publish","type":"page","link":"https:\/\/guerilla-asso.com\/fest\/schedule\/","title":{"rendered":"Schedule"},"content":{"rendered":"\n<p>En raison de l&#8217;\u00e9pid\u00e9mie de COVID-19, <strong>THIS IS MY FEST 8<\/strong> se d\u00e9roulera finalement les 21, 22 et 23 mai 2021. Nous faisons le maximum pour reprogrammer un maximum de groupes. Nous vous en dirons plus prochainement. Les pass 3 jours ou tickets journ\u00e9e sont <a href=\"https:\/\/guerilla-asso.com\/fest\/tickets\/\">disponibles ici<\/a>.<\/p>\n\n\n\n<div class=\"wp-block-themeisle-blocks-advanced-columns has-3-columns has-desktop-equal-layout has-tablet-equal-layout has-mobile-collapsedRows-layout has-nogap-gap has-vertical-unset\" id=\"wp-block-themeisle-blocks-advanced-columns-ae675bd9\" style=\"border-width:0px;border-style:solid;border-color:#000000;border-radius:0px;justify-content:unset\"><div class=\"wp-themeisle-block-overlay\" style=\"opacity:0.5;mix-blend-mode:normal\"><\/div><div class=\"innerblocks-wrap\" style=\"max-width:978px\">\n<div class=\"wp-block-themeisle-blocks-advanced-column\" id=\"wp-block-themeisle-blocks-advanced-column-ec3b9666\" style=\"border-width:0px;border-style:solid;border-color:#000000;border-radius:0px\">\n<p><\/p>\n<\/div>\n\n\n\n<div class=\"wp-block-themeisle-blocks-advanced-column\" id=\"wp-block-themeisle-blocks-advanced-column-f6a3772e\" style=\"border-width:0px;border-style:solid;border-color:#000000;border-radius:0px\"><\/div>\n\n\n\n<div class=\"wp-block-themeisle-blocks-advanced-column\" id=\"wp-block-themeisle-blocks-advanced-column-098d7424\" style=\"border-width:0px;border-style:solid;border-color:#000000;border-radius:0px\"><\/div>\n<\/div><\/div>\n","protected":false},"excerpt":{"rendered":"<p>En raison de l&#8217;\u00e9pid\u00e9mie de COVID-19, THIS IS MY FEST 8 se d\u00e9roulera finalement les 21, 22 et 23 mai 2021. Nous faisons le maximum pour reprogrammer un maximum de groupes. Nous vous en dirons plus prochainement. Les pass 3 jours ou tickets journ\u00e9e sont disponibles ici.<\/p>\n","protected":false},"author":1,"featured_media":115,"parent":0,"menu_order":0,"comment_status":"closed","ping_status":"closed","template":"","meta":[],"yoast_head":"<!-- This site is optimized with the Yoast SEO plugin v16.2 - https:\/\/yoast.com\/wordpress\/plugins\/seo\/ -->\n<title>Schedule - THIS IS MY FEST 8<\/title>\n<meta name=\"robots\" content=\"index, follow, max-snippet:-1, max-image-preview:large, max-video-preview:-1\" \/>\n<link rel=\"canonical\" href=\"https:\/\/guerilla-asso.com\/fest\/schedule\/\" \/>\n<meta property=\"og:locale\" content=\"fr_FR\" \/>\n<meta property=\"og:type\" content=\"article\" \/>\n<meta property=\"og:title\" content=\"Schedule - THIS IS MY FEST 8\" \/>\n<meta property=\"og:description\" content=\"En raison de l&#8217;\u00e9pid\u00e9mie de COVID-19, THIS IS MY FEST 8 se d\u00e9roulera finalement les 21, 22 et 23 mai 2021. Nous faisons le maximum pour reprogrammer un maximum de groupes. Nous vous en dirons plus prochainement. Les pass 3 jours ou tickets journ\u00e9e sont disponibles ici.\" \/>\n<meta property=\"og:url\" content=\"https:\/\/guerilla-asso.com\/fest\/schedule\/\" \/>\n<meta property=\"og:site_name\" content=\"THIS IS MY FEST 8\" \/>\n<meta property=\"article:modified_time\" content=\"2020-04-21T17:14:11+00:00\" \/>\n<meta property=\"og:image\" content=\"https:\/\/guerilla-asso.com\/fest\/wp-content\/uploads\/2020\/01\/thumbtimf8.png\" \/>\n\t<meta property=\"og:image:width\" content=\"704\" \/>\n\t<meta property=\"og:image:height\" content=\"419\" \/>\n<meta name=\"twitter:card\" content=\"summary_large_image\" \/>\n<script type=\"application\/ld+json\" class=\"yoast-schema-graph\">{\"@context\":\"https:\/\/schema.org\",\"@graph\":[{\"@type\":\"WebSite\",\"@id\":\"https:\/\/guerilla-asso.com\/fest\/#website\",\"url\":\"https:\/\/guerilla-asso.com\/fest\/\",\"name\":\"THIS IS MY FEST 8\",\"description\":\"Festival punk &amp; hardcore les 29, 30 et 31 mai 2020 au Gibus, Paris\",\"potentialAction\":[{\"@type\":\"SearchAction\",\"target\":\"https:\/\/guerilla-asso.com\/fest\/?s={search_term_string}\",\"query-input\":\"required name=search_term_string\"}],\"inLanguage\":\"fr-FR\"},{\"@type\":\"ImageObject\",\"@id\":\"https:\/\/guerilla-asso.com\/fest\/schedule\/#primaryimage\",\"inLanguage\":\"fr-FR\",\"url\":\"https:\/\/guerilla-asso.com\/fest\/wp-content\/uploads\/2020\/01\/thumbtimf8.png\",\"contentUrl\":\"https:\/\/guerilla-asso.com\/fest\/wp-content\/uploads\/2020\/01\/thumbtimf8.png\",\"width\":704,\"height\":419,\"caption\":\"THIS IS MY FEST 8 : vignette promo\"},{\"@type\":\"WebPage\",\"@id\":\"https:\/\/guerilla-asso.com\/fest\/schedule\/#webpage\",\"url\":\"https:\/\/guerilla-asso.com\/fest\/schedule\/\",\"name\":\"Schedule - THIS IS MY FEST 8\",\"isPartOf\":{\"@id\":\"https:\/\/guerilla-asso.com\/fest\/#website\"},\"primaryImageOfPage\":{\"@id\":\"https:\/\/guerilla-asso.com\/fest\/schedule\/#primaryimage\"},\"datePublished\":\"2020-04-02T16:15:30+00:00\",\"dateModified\":\"2020-04-21T17:14:11+00:00\",\"breadcrumb\":{\"@id\":\"https:\/\/guerilla-asso.com\/fest\/schedule\/#breadcrumb\"},\"inLanguage\":\"fr-FR\",\"potentialAction\":[{\"@type\":\"ReadAction\",\"target\":[\"https:\/\/guerilla-asso.com\/fest\/schedule\/\"]}]},{\"@type\":\"BreadcrumbList\",\"@id\":\"https:\/\/guerilla-asso.com\/fest\/schedule\/#breadcrumb\",\"itemListElement\":[{\"@type\":\"ListItem\",\"position\":1,\"item\":{\"@type\":\"WebPage\",\"@id\":\"https:\/\/guerilla-asso.com\/fest\/\",\"url\":\"https:\/\/guerilla-asso.com\/fest\/\",\"name\":\"Accueil\"}},{\"@type\":\"ListItem\",\"position\":2,\"item\":{\"@id\":\"https:\/\/guerilla-asso.com\/fest\/schedule\/#webpage\"}}]}]}<\/script>\n<!-- \/ Yoast SEO plugin. -->","_links":{"self":[{"href":"https:\/\/guerilla-asso.com\/fest\/wp-json\/wp\/v2\/pages\/255"}],"collection":[{"href":"https:\/\/guerilla-asso.com\/fest\/wp-json\/wp\/v2\/pages"}],"about":[{"href":"https:\/\/guerilla-asso.com\/fest\/wp-json\/wp\/v2\/types\/page"}],"author":[{"embeddable":true,"href":"https:\/\/guerilla-asso.com\/fest\/wp-json\/wp\/v2\/users\/1"}],"replies":[{"embeddable":true,"href":"https:\/\/guerilla-asso.com\/fest\/wp-json\/wp\/v2\/comments?post=255"}],"version-history":[{"count":47,"href":"https:\/\/guerilla-asso.com\/fest\/wp-json\/wp\/v2\/pages\/255\/revisions"}],"predecessor-version":[{"id":313,"href":"https:\/\/guerilla-asso.com\/fest\/wp-json\/wp\/v2\/pages\/255\/revisions\/313"}],"wp:featuredmedia":[{"embeddable":true,"href":"https:\/\/guerilla-asso.com\/fest\/wp-json\/wp\/v2\/media\/115"}],"wp:attachment":[{"href":"https:\/\/guerilla-asso.com\/fest\/wp-json\/wp\/v2\/media?parent=255"}],"curies":[{"name":"wp","href":"https:\/\/api.w.org\/{rel}","templated":true}]}}